{"id":161,"date":"2015-05-12T11:05:09","date_gmt":"2015-05-12T10:05:09","guid":{"rendered":"http:\/\/www.crerf-mueb.eu\/?page_id=161"},"modified":"2023-02-21T10:01:14","modified_gmt":"2023-02-21T09:01:14","slug":"das-team","status":"publish","type":"page","link":"https:\/\/www.crerf-mueb.eu\/de\/die-mu%cc%88b\/das-team\/","title":{"rendered":"Das Team"},"content":{"rendered":"<h2>Leitendes Personal und Mitarbeiter der M\u00dcB<\/h2>\n<p><strong>Leiter der M\u00dcB<\/strong><br \/>\nOberstleutnant Pierre-Jean CHEZE<\/p>\n<p><strong>Verwaltungsbeauftragter Offizier<\/strong><br \/>\nBrandamtsrat Claude BOEHM<\/p>\n<p><strong>M\u00dcB-Offizier<br \/>\n<\/strong>Leitung des Personalpools und Umsetzung der Ausbildungen<br \/>\nLeutnant Vincent HEILIGENSTEIN<\/p>\n<p><strong>Stellvertreter des M\u00dcB-Offiziers<br \/>\n<\/strong>Hauptbrandmeister<\/p>\n<p><strong>Technische Referenten<br \/>\n<\/strong>J\u00e9r\u00e9my GRASS , Eric ENSMINGER,\u00a0Christoph WENZEL<\/p>\n<p><strong>Sekretariat<br \/>\n<\/strong>Carole VIERLING<\/p>\n<p>Ein deutsch-franz\u00f6sisches Ausbildungsteam ist f\u00fcr die Ausbildungen an Bord der M\u00dcB zust\u00e4ndig.<\/p>\n<p><img decoding=\"async\" loading=\"lazy\" class=\"alignnone size-full wp-image-581\" src=\"http:\/\/www.crerf-mueb.eu\/wp-content\/uploads\/2015\/05\/pdf.gif\" alt=\"\" width=\"16\" height=\"16\" \/>\u00a0 <a href=\"http:\/\/www.crerf-mueb.eu\/wp-content\/uploads\/2023\/02\/2023_Contacts_CRERF-MUB.pdf\">Kontaktdaten<\/a><\/p>\n<p>&nbsp;<\/p>\n","protected":false},"excerpt":{"rendered":"<p>Leitendes Personal und Mitarbeiter der M\u00dcB Leiter der M\u00dcB Oberstleutnant Pierre-Jean CHEZE Verwaltungsbeauftragter Offizier Brandamtsrat Claude BOEHM M\u00dcB-Offizier Leitung des Personalpools und Umsetzung der Ausbildungen Leutnant Vincent HEILIGENSTEIN Stellvertreter des M\u00dcB-Offiziers Hauptbrandmeister Technische Referenten J\u00e9r\u00e9my GRASS , Eric ENSMINGER,\u00a0Christoph WENZEL Sekretariat Carole VIERLING Ein deutsch-franz\u00f6sisches Ausbildungsteam ist f\u00fcr die Ausbildungen an Bord der M\u00dcB zust\u00e4ndig. [&hellip;]<\/p>\n","protected":false},"author":2,"featured_media":0,"parent":90,"menu_order":0,"comment_status":"open","ping_status":"open","template":"","meta":{"_mi_skip_tracking":false},"yoast_head":"<!-- This site is optimized with the Yoast SEO plugin v20.5 - https:\/\/yoast.com\/wordpress\/plugins\/seo\/ -->\n<title>Das Team - CRERF - M\u00dcB<\/title>\n<meta name=\"description\" content=\"Leitendes Personal und Mitarbeiter der M\u00dcB\" \/>\n<meta name=\"robots\" content=\"index, follow, max-snippet:-1, max-image-preview:large, max-video-preview:-1\" \/>\n<link rel=\"canonical\" href=\"http:\/\/www.crerf-mueb.eu\/de\/die-mu\u0308b\/das-team\/\" \/>\n<meta property=\"og:locale\" content=\"de_DE\" \/>\n<meta property=\"og:type\" content=\"article\" \/>\n<meta property=\"og:title\" content=\"Das Team - CRERF - M\u00dcB\" \/>\n<meta property=\"og:description\" content=\"Leitendes Personal und Mitarbeiter der M\u00dcB\" \/>\n<meta property=\"og:url\" content=\"http:\/\/www.crerf-mueb.eu\/de\/die-mu\u0308b\/das-team\/\" \/>\n<meta property=\"og:site_name\" content=\"CRERF M\u00dcB\" \/>\n<meta property=\"article:modified_time\" content=\"2023-02-21T09:01:14+00:00\" \/>\n<meta property=\"og:image\" content=\"http:\/\/www.crerf-mueb.eu\/wp-content\/uploads\/2015\/05\/pdf.gif\" \/>\n<meta name=\"twitter:card\" content=\"summary_large_image\" \/>\n<meta name=\"twitter:label1\" content=\"Gesch\u00e4tzte Lesezeit\" \/>\n\t<meta name=\"twitter:data1\" content=\"1\u00a0Minute\" \/>\n<script type=\"application\/ld+json\" class=\"yoast-schema-graph\">{\"@context\":\"https:\/\/schema.org\",\"@graph\":[{\"@type\":\"WebPage\",\"@id\":\"http:\/\/www.crerf-mueb.eu\/de\/die-mu%cc%88b\/das-team\/\",\"url\":\"http:\/\/www.crerf-mueb.eu\/de\/die-mu%cc%88b\/das-team\/\",\"name\":\"Das Team - CRERF - M\u00dcB\",\"isPartOf\":{\"@id\":\"https:\/\/www.crerf-mueb.eu\/#website\"},\"datePublished\":\"2015-05-12T10:05:09+00:00\",\"dateModified\":\"2023-02-21T09:01:14+00:00\",\"description\":\"Leitendes Personal und Mitarbeiter der M\u00dcB\",\"breadcrumb\":{\"@id\":\"http:\/\/www.crerf-mueb.eu\/de\/die-mu%cc%88b\/das-team\/#breadcrumb\"},\"inLanguage\":\"de\",\"potentialAction\":[{\"@type\":\"ReadAction\",\"target\":[\"http:\/\/www.crerf-mueb.eu\/de\/die-mu%cc%88b\/das-team\/\"]}]},{\"@type\":\"BreadcrumbList\",\"@id\":\"http:\/\/www.crerf-mueb.eu\/de\/die-mu%cc%88b\/das-team\/#breadcrumb\",\"itemListElement\":[{\"@type\":\"ListItem\",\"position\":1,\"name\":\"Accueil\",\"item\":\"http:\/\/www.crerf-mueb.eu\/de\/\"},{\"@type\":\"ListItem\",\"position\":2,\"name\":\"Die M\u00dcB\",\"item\":\"https:\/\/www.crerf-mueb.eu\/de\/die-mu%cc%88b\/\"},{\"@type\":\"ListItem\",\"position\":3,\"name\":\"Das Team\"}]},{\"@type\":\"WebSite\",\"@id\":\"https:\/\/www.crerf-mueb.eu\/#website\",\"url\":\"https:\/\/www.crerf-mueb.eu\/\",\"name\":\"CRERF M\u00dcB\",\"description\":\"River Risk Control Training Center\",\"potentialAction\":[{\"@type\":\"SearchAction\",\"target\":{\"@type\":\"EntryPoint\",\"urlTemplate\":\"https:\/\/www.crerf-mueb.eu\/?s={search_term_string}\"},\"query-input\":\"required name=search_term_string\"}],\"inLanguage\":\"de\"}]}<\/script>\n<!-- \/ Yoast SEO plugin. -->","yoast_head_json":{"title":"Das Team - CRERF - M\u00dcB","description":"Leitendes Personal und Mitarbeiter der M\u00dcB","robots":{"index":"index","follow":"follow","max-snippet":"max-snippet:-1","max-image-preview":"max-image-preview:large","max-video-preview":"max-video-preview:-1"},"canonical":"http:\/\/www.crerf-mueb.eu\/de\/die-mu\u0308b\/das-team\/","og_locale":"de_DE","og_type":"article","og_title":"Das Team - CRERF - M\u00dcB","og_description":"Leitendes Personal und Mitarbeiter der M\u00dcB","og_url":"http:\/\/www.crerf-mueb.eu\/de\/die-mu\u0308b\/das-team\/","og_site_name":"CRERF M\u00dcB","article_modified_time":"2023-02-21T09:01:14+00:00","og_image":[{"url":"http:\/\/www.crerf-mueb.eu\/wp-content\/uploads\/2015\/05\/pdf.gif"}],"twitter_card":"summary_large_image","twitter_misc":{"Gesch\u00e4tzte Lesezeit":"1\u00a0Minute"},"schema":{"@context":"https:\/\/schema.org","@graph":[{"@type":"WebPage","@id":"http:\/\/www.crerf-mueb.eu\/de\/die-mu%cc%88b\/das-team\/","url":"http:\/\/www.crerf-mueb.eu\/de\/die-mu%cc%88b\/das-team\/","name":"Das Team - CRERF - M\u00dcB","isPartOf":{"@id":"https:\/\/www.crerf-mueb.eu\/#website"},"datePublished":"2015-05-12T10:05:09+00:00","dateModified":"2023-02-21T09:01:14+00:00","description":"Leitendes Personal und Mitarbeiter der M\u00dcB","breadcrumb":{"@id":"http:\/\/www.crerf-mueb.eu\/de\/die-mu%cc%88b\/das-team\/#breadcrumb"},"inLanguage":"de","potentialAction":[{"@type":"ReadAction","target":["http:\/\/www.crerf-mueb.eu\/de\/die-mu%cc%88b\/das-team\/"]}]},{"@type":"BreadcrumbList","@id":"http:\/\/www.crerf-mueb.eu\/de\/die-mu%cc%88b\/das-team\/#breadcrumb","itemListElement":[{"@type":"ListItem","position":1,"name":"Accueil","item":"http:\/\/www.crerf-mueb.eu\/de\/"},{"@type":"ListItem","position":2,"name":"Die M\u00dcB","item":"https:\/\/www.crerf-mueb.eu\/de\/die-mu%cc%88b\/"},{"@type":"ListItem","position":3,"name":"Das Team"}]},{"@type":"WebSite","@id":"https:\/\/www.crerf-mueb.eu\/#website","url":"https:\/\/www.crerf-mueb.eu\/","name":"CRERF M\u00dcB","description":"River Risk Control Training Center","potentialAction":[{"@type":"SearchAction","target":{"@type":"EntryPoint","urlTemplate":"https:\/\/www.crerf-mueb.eu\/?s={search_term_string}"},"query-input":"required name=search_term_string"}],"inLanguage":"de"}]}},"_links":{"self":[{"href":"https:\/\/www.crerf-mueb.eu\/de\/wp-json\/wp\/v2\/pages\/161"}],"collection":[{"href":"https:\/\/www.crerf-mueb.eu\/de\/wp-json\/wp\/v2\/pages"}],"about":[{"href":"https:\/\/www.crerf-mueb.eu\/de\/wp-json\/wp\/v2\/types\/page"}],"author":[{"embeddable":true,"href":"https:\/\/www.crerf-mueb.eu\/de\/wp-json\/wp\/v2\/users\/2"}],"replies":[{"embeddable":true,"href":"https:\/\/www.crerf-mueb.eu\/de\/wp-json\/wp\/v2\/comments?post=161"}],"version-history":[{"count":9,"href":"https:\/\/www.crerf-mueb.eu\/de\/wp-json\/wp\/v2\/pages\/161\/revisions"}],"predecessor-version":[{"id":1691,"href":"https:\/\/www.crerf-mueb.eu\/de\/wp-json\/wp\/v2\/pages\/161\/revisions\/1691"}],"up":[{"embeddable":true,"href":"https:\/\/www.crerf-mueb.eu\/de\/wp-json\/wp\/v2\/pages\/90"}],"wp:attachment":[{"href":"https:\/\/www.crerf-mueb.eu\/de\/wp-json\/wp\/v2\/media?parent=161"}],"curies":[{"name":"wp","href":"https:\/\/api.w.org\/{rel}","templated":true}]}}

<h2>Leitendes Personal und Mitarbeiter der MÜB</h2>
<p><strong>Leiter der MÜB</strong><br />
Oberstleutnant Pierre-Jean CHEZE</p>
<p><strong>Verwaltungsbeauftragter Offizier</strong><br />
Brandamtsrat Claude BOEHM</p>
<p><strong>MÜB-Offizier<br />
</strong>Leitung des Personalpools und Umsetzung der Ausbildungen<br />
Leutnant Vincent HEILIGENSTEIN</p>
<p><strong>Stellvertreter des MÜB-Offiziers<br />
</strong>Hauptbrandmeister</p>
<p><strong>Technische Referenten<br />
</strong>Jérémy GRASS , Eric ENSMINGER, Christoph WENZEL</p>
<p><strong>Sekretariat<br />
</strong>Carole VIERLING</p>
<p>Ein deutsch-französisches Ausbildungsteam ist für die Ausbildungen an Bord der MÜB zuständig.</p>
<p><img decoding="async" loading="lazy" class="alignnone size-full wp-image-581" src="http://www.crerf-mueb.eu/wp-content/uploads/2015/05/pdf.gif" alt="" width="16" height="16" />  <a href="http://www.crerf-mueb.eu/wp-content/uploads/2023/02/2023_Contacts_CRERF-MUB.pdf">Kontaktdaten</a></p>
<p>&nbsp;</p>

<p>Leitendes Personal und Mitarbeiter der MÜB Leiter der MÜB Oberstleutnant Pierre-Jean CHEZE Verwaltungsbeauftragter Offizier Brandamtsrat Claude BOEHM MÜB-Offizier Leitung des Personalpools und Umsetzung der Ausbildungen Leutnant Vincent HEILIGENSTEIN Stellvertreter des MÜB-Offiziers Hauptbrandmeister Technische Referenten Jérémy GRASS , Eric ENSMINGER, Christoph WENZEL Sekretariat Carole VIERLING Ein deutsch-französisches Ausbildungsteam ist für die Ausbildungen an Bord der MÜB zuständig. [&hellip;]</p>

<!-- This site is optimized with the Yoast SEO plugin v20.5 - https://yoast.com/wordpress/plugins/seo/ -->
<title>Das Team - CRERF - MÜB</title>
<meta name="description" content="Leitendes Personal und Mitarbeiter der MÜB" />
<meta name="robots" content="index, follow, max-snippet:-1, max-image-preview:large, max-video-preview:-1" />
<link rel="canonical" href="http://www.crerf-mueb.eu/de/die-müb/das-team/" />
<meta property="og:locale" content="de_DE" />
<meta property="og:type" content="article" />
<meta property="og:title" content="Das Team - CRERF - MÜB" />
<meta property="og:description" content="Leitendes Personal und Mitarbeiter der MÜB" />
<meta property="og:url" content="http://www.crerf-mueb.eu/de/die-müb/das-team/" />
<meta property="og:site_name" content="CRERF MÜB" />
<meta property="article:modified_time" content="2023-02-21T09:01:14+00:00" />
<meta property="og:image" content="http://www.crerf-mueb.eu/wp-content/uploads/2015/05/pdf.gif" />
<meta name="twitter:card" content="summary_large_image" />
<meta name="twitter:label1" content="Geschätzte Lesezeit" />
	<meta name="twitter:data1" content="1 Minute" />
<script type="application/ld+json" class="yoast-schema-graph">{"@context":"https://schema.org","@graph":[{"@type":"WebPage","@id":"http://www.crerf-mueb.eu/de/die-mu%cc%88b/das-team/","url":"http://www.crerf-mueb.eu/de/die-mu%cc%88b/das-team/","name":"Das Team - CRERF - MÜB","isPartOf":{"@id":"https://www.crerf-mueb.eu/#website"},"datePublished":"2015-05-12T10:05:09+00:00","dateModified":"2023-02-21T09:01:14+00:00","description":"Leitendes Personal und Mitarbeiter der MÜB","breadcrumb":{"@id":"http://www.crerf-mueb.eu/de/die-mu%cc%88b/das-team/#breadcrumb"},"inLanguage":"de","potentialAction":[{"@type":"ReadAction","target":["http://www.crerf-mueb.eu/de/die-mu%cc%88b/das-team/"]}]},{"@type":"BreadcrumbList","@id":"http://www.crerf-mueb.eu/de/die-mu%cc%88b/das-team/#breadcrumb","itemListElement":[{"@type":"ListItem","position":1,"name":"Accueil","item":"http://www.crerf-mueb.eu/de/"},{"@type":"ListItem","position":2,"name":"Die MÜB","item":"https://www.crerf-mueb.eu/de/die-mu%cc%88b/"},{"@type":"ListItem","position":3,"name":"Das Team"}]},{"@type":"WebSite","@id":"https://www.crerf-mueb.eu/#website","url":"https://www.crerf-mueb.eu/","name":"CRERF MÜB","description":"River Risk Control Training Center","potentialAction":[{"@type":"SearchAction","target":{"@type":"EntryPoint","urlTemplate":"https://www.crerf-mueb.eu/?s={search_term_string}"},"query-input":"required name=search_term_string"}],"inLanguage":"de"}]}</script>
<!-- / Yoast SEO plugin. -->

Das Team - CRERF - MÜB

Leitendes Personal und Mitarbeiter der MÜB

CRERF MÜB

Die MÜB
