{"id":189,"date":"2015-05-12T11:10:51","date_gmt":"2015-05-12T10:10:51","guid":{"rendered":"http:\/\/www.crerf-mueb.eu\/?page_id=189"},"modified":"2015-06-16T13:59:34","modified_gmt":"2015-06-16T12:59:34","slug":"instabiler-container","status":"publish","type":"page","link":"https:\/\/www.crerf-mueb.eu\/de\/u%cc%88bungsmo%cc%88glichkeiten\/ausbildingsbereiche\/instabiler-container\/","title":{"rendered":"Instabiler Container"},"content":{"rendered":"<h2>Ausbildungsbereich instabiler Seecontainer<\/h2>\n<p><strong>Kommt es im Zuge einer Havarie zu Ladungsverschiebungen, k\u00f6nnen sich Probleme aus derangierten Container entwickeln.<\/strong><\/p>\n<p>Aus diesem Grund ist der instabile Seecontainer sowohl horizontal um 35\u00b0 als auch vertikal um 5\u00b0 beweglich verdrehbar.<\/p>\n<p>Ladungssicherung bzw. Ladungsbergung und Absicherung des instabilen Containers k\u00f6nnen ebenso ge\u00fcbt werden, wie die Rettung von Menschen von unter Deck eines schr\u00e4g liegenden Schiffes. Auch ein Wassereinbruch bzw. ein gewisser Wasserstand kann hier eingespielt werden.<\/p>\n\n\t\t<style type=\"text\/css\">\n\t\t\t#gallery-1 {\n\t\t\t\tmargin: auto;\n\t\t\t}\n\t\t\t#gallery-1 .gallery-item {\n\t\t\t\tfloat: left;\n\t\t\t\tmargin-top: 10px;\n\t\t\t\ttext-align: center;\n\t\t\t\twidth: 33%;\n\t\t\t}\n\t\t\t#gallery-1 img {\n\t\t\t\tborder: 2px solid #cfcfcf;\n\t\t\t}\n\t\t\t#gallery-1 .gallery-caption {\n\t\t\t\tmargin-left: 0;\n\t\t\t}\n\t\t\t\/* see gallery_shortcode() in wp-includes\/media.php *\/\n\t\t<\/style>\n\t\t<div id='gallery-1' class='gallery galleryid-189 gallery-columns-3 gallery-size-thumbnail'><dl class='gallery-item'>\n\t\t\t<dt class='gallery-icon landscape'>\n\t\t\t\t<a href='https:\/\/www.crerf-mueb.eu\/wp-content\/uploads\/2015\/05\/L10011601-e1432731086626.jpg'><img width=\"200\" height=\"150\" src=\"https:\/\/www.crerf-mueb.eu\/wp-content\/uploads\/2015\/05\/L10011601-200x150.jpg\" class=\"attachment-thumbnail size-thumbnail\" alt=\"\" decoding=\"async\" loading=\"lazy\" \/><\/a>\n\t\t\t<\/dt><\/dl><dl class='gallery-item'>\n\t\t\t<dt class='gallery-icon landscape'>\n\t\t\t\t<a href='https:\/\/www.crerf-mueb.eu\/wp-content\/uploads\/2015\/05\/IMG_4741-e1432731590795.jpg'><img width=\"200\" height=\"150\" src=\"https:\/\/www.crerf-mueb.eu\/wp-content\/uploads\/2015\/05\/IMG_4741-200x150.jpg\" class=\"attachment-thumbnail size-thumbnail\" alt=\"\" decoding=\"async\" loading=\"lazy\" \/><\/a>\n\t\t\t<\/dt><\/dl><dl class='gallery-item'>\n\t\t\t<dt class='gallery-icon landscape'>\n\t\t\t\t<a href='https:\/\/www.crerf-mueb.eu\/wp-content\/uploads\/2015\/05\/CB1_8863-e1432731075528.jpg'><img width=\"200\" height=\"150\" src=\"https:\/\/www.crerf-mueb.eu\/wp-content\/uploads\/2015\/05\/CB1_8863-200x150.jpg\" class=\"attachment-thumbnail size-thumbnail\" alt=\"\" decoding=\"async\" loading=\"lazy\" \/><\/a>\n\t\t\t<\/dt><\/dl><br style=\"clear: both\" \/><dl class='gallery-item'>\n\t\t\t<dt class='gallery-icon portrait'>\n\t\t\t\t<a href='https:\/\/www.crerf-mueb.eu\/wp-content\/uploads\/2015\/05\/IMG_4844-e1433922768732.jpg'><img width=\"200\" height=\"150\" src=\"https:\/\/www.crerf-mueb.eu\/wp-content\/uploads\/2015\/05\/IMG_4844-200x150.jpg\" class=\"attachment-thumbnail size-thumbnail\" alt=\"\" decoding=\"async\" loading=\"lazy\" \/><\/a>\n\t\t\t<\/dt><\/dl><dl class='gallery-item'>\n\t\t\t<dt class='gallery-icon landscape'>\n\t\t\t\t<a href='https:\/\/www.crerf-mueb.eu\/wp-content\/uploads\/2015\/05\/IMG_4768-e1432730941997.jpg'><img width=\"200\" height=\"150\" src=\"https:\/\/www.crerf-mueb.eu\/wp-content\/uploads\/2015\/05\/IMG_4768-200x150.jpg\" class=\"attachment-thumbnail size-thumbnail\" alt=\"\" decoding=\"async\" loading=\"lazy\" \/><\/a>\n\t\t\t<\/dt><\/dl><dl class='gallery-item'>\n\t\t\t<dt class='gallery-icon landscape'>\n\t\t\t\t<a href='https:\/\/www.crerf-mueb.eu\/wp-content\/uploads\/2015\/05\/IMG_4991-sans-picto-e1432802759747.jpg'><img width=\"200\" height=\"150\" src=\"https:\/\/www.crerf-mueb.eu\/wp-content\/uploads\/2015\/05\/IMG_4991-sans-picto-200x150.jpg\" class=\"attachment-thumbnail size-thumbnail\" alt=\"\" decoding=\"async\" loading=\"lazy\" \/><\/a>\n\t\t\t<\/dt><\/dl><br style=\"clear: both\" \/><dl class='gallery-item'>\n\t\t\t<dt class='gallery-icon landscape'>\n\t\t\t\t<a href='https:\/\/www.crerf-mueb.eu\/wp-content\/uploads\/2015\/05\/IMG_4978-ss-picto-e1432802779232.jpg'><img width=\"200\" height=\"150\" src=\"https:\/\/www.crerf-mueb.eu\/wp-content\/uploads\/2015\/05\/IMG_4978-ss-picto-200x150.jpg\" class=\"attachment-thumbnail size-thumbnail\" alt=\"\" decoding=\"async\" loading=\"lazy\" \/><\/a>\n\t\t\t<\/dt><\/dl>\n\t\t\t<br style='clear: both' \/>\n\t\t<\/div>\n\n<p>\u00a9 Alexandre Schauer<\/p>\n","protected":false},"excerpt":{"rendered":"<p>Ausbildungsbereich instabiler Seecontainer Kommt es im Zuge einer Havarie zu Ladungsverschiebungen, k\u00f6nnen sich Probleme aus derangierten Container entwickeln. Aus diesem Grund ist der instabile Seecontainer sowohl horizontal um 35\u00b0 als auch vertikal um 5\u00b0 beweglich verdrehbar. Ladungssicherung bzw. Ladungsbergung und Absicherung des instabilen Containers k\u00f6nnen ebenso ge\u00fcbt werden, wie die Rettung von Menschen von unter [&hellip;]<\/p>\n","protected":false},"author":2,"featured_media":0,"parent":179,"menu_order":0,"comment_status":"open","ping_status":"open","template":"","meta":{"_mi_skip_tracking":false},"yoast_head":"<!-- This site is optimized with the Yoast SEO plugin v20.5 - https:\/\/yoast.com\/wordpress\/plugins\/seo\/ -->\n<title>Ausbildungsbereich Instabiler Seecontainer<\/title>\n<meta name=\"description\" content=\"Kommt es im Zuge einer Havarie zu Ladungsverschiebungen, k\u00f6nnen sich Probleme aus derangierten Container entwickeln.\" \/>\n<meta name=\"robots\" content=\"index, follow, max-snippet:-1, max-image-preview:large, max-video-preview:-1\" \/>\n<link rel=\"canonical\" href=\"https:\/\/www.crerf-mueb.eu\/de\/u\u0308bungsmo\u0308glichkeiten\/ausbildingsbereiche\/instabiler-container\/\" \/>\n<meta property=\"og:locale\" content=\"de_DE\" \/>\n<meta property=\"og:type\" content=\"article\" \/>\n<meta property=\"og:title\" content=\"Ausbildungsbereich Instabiler Seecontainer\" \/>\n<meta property=\"og:description\" content=\"Kommt es im Zuge einer Havarie zu Ladungsverschiebungen, k\u00f6nnen sich Probleme aus derangierten Container entwickeln.\" \/>\n<meta property=\"og:url\" content=\"https:\/\/www.crerf-mueb.eu\/de\/u\u0308bungsmo\u0308glichkeiten\/ausbildingsbereiche\/instabiler-container\/\" \/>\n<meta property=\"og:site_name\" content=\"CRERF M\u00dcB\" \/>\n<meta property=\"article:modified_time\" content=\"2015-06-16T12:59:34+00:00\" \/>\n<meta property=\"og:image\" content=\"https:\/\/www.crerf-mueb.eu\/wp-content\/uploads\/2015\/05\/L10011601-200x150.jpg\" \/>\n<meta name=\"twitter:card\" content=\"summary_large_image\" \/>\n<script type=\"application\/ld+json\" class=\"yoast-schema-graph\">{\"@context\":\"https:\/\/schema.org\",\"@graph\":[{\"@type\":\"WebPage\",\"@id\":\"https:\/\/www.crerf-mueb.eu\/de\/u%cc%88bungsmo%cc%88glichkeiten\/ausbildingsbereiche\/instabiler-container\/\",\"url\":\"https:\/\/www.crerf-mueb.eu\/de\/u%cc%88bungsmo%cc%88glichkeiten\/ausbildingsbereiche\/instabiler-container\/\",\"name\":\"Ausbildungsbereich Instabiler Seecontainer\",\"isPartOf\":{\"@id\":\"http:\/\/www.crerf-mueb.eu\/#website\"},\"datePublished\":\"2015-05-12T10:10:51+00:00\",\"dateModified\":\"2015-06-16T12:59:34+00:00\",\"description\":\"Kommt es im Zuge einer Havarie zu Ladungsverschiebungen, k\u00f6nnen sich Probleme aus derangierten Container entwickeln.\",\"breadcrumb\":{\"@id\":\"https:\/\/www.crerf-mueb.eu\/de\/u%cc%88bungsmo%cc%88glichkeiten\/ausbildingsbereiche\/instabiler-container\/#breadcrumb\"},\"inLanguage\":\"de\",\"potentialAction\":[{\"@type\":\"ReadAction\",\"target\":[\"https:\/\/www.crerf-mueb.eu\/de\/u%cc%88bungsmo%cc%88glichkeiten\/ausbildingsbereiche\/instabiler-container\/\"]}]},{\"@type\":\"BreadcrumbList\",\"@id\":\"https:\/\/www.crerf-mueb.eu\/de\/u%cc%88bungsmo%cc%88glichkeiten\/ausbildingsbereiche\/instabiler-container\/#breadcrumb\",\"itemListElement\":[{\"@type\":\"ListItem\",\"position\":1,\"name\":\"Accueil\",\"item\":\"http:\/\/www.crerf-mueb.eu\/de\/\"},{\"@type\":\"ListItem\",\"position\":2,\"name\":\"\u00dcbungsm\u00f6glichkeiten\",\"item\":\"http:\/\/www.crerf-mueb.eu\/u%cc%88bungsmo%cc%88glichkeiten\/\"},{\"@type\":\"ListItem\",\"position\":3,\"name\":\"Ausbildungsbereiche\",\"item\":\"http:\/\/www.crerf-mueb.eu\/u%cc%88bungsmo%cc%88glichkeiten\/ausbildingsbereiche\/\"},{\"@type\":\"ListItem\",\"position\":4,\"name\":\"Instabiler Container\"}]},{\"@type\":\"WebSite\",\"@id\":\"http:\/\/www.crerf-mueb.eu\/#website\",\"url\":\"http:\/\/www.crerf-mueb.eu\/\",\"name\":\"CRERF M\u00dcB\",\"description\":\"River Risk Control Training Center\",\"potentialAction\":[{\"@type\":\"SearchAction\",\"target\":{\"@type\":\"EntryPoint\",\"urlTemplate\":\"http:\/\/www.crerf-mueb.eu\/?s={search_term_string}\"},\"query-input\":\"required name=search_term_string\"}],\"inLanguage\":\"de\"}]}<\/script>\n<!-- \/ Yoast SEO plugin. -->","yoast_head_json":{"title":"Ausbildungsbereich Instabiler Seecontainer","description":"Kommt es im Zuge einer Havarie zu Ladungsverschiebungen, k\u00f6nnen sich Probleme aus derangierten Container entwickeln.","robots":{"index":"index","follow":"follow","max-snippet":"max-snippet:-1","max-image-preview":"max-image-preview:large","max-video-preview":"max-video-preview:-1"},"canonical":"https:\/\/www.crerf-mueb.eu\/de\/u\u0308bungsmo\u0308glichkeiten\/ausbildingsbereiche\/instabiler-container\/","og_locale":"de_DE","og_type":"article","og_title":"Ausbildungsbereich Instabiler Seecontainer","og_description":"Kommt es im Zuge einer Havarie zu Ladungsverschiebungen, k\u00f6nnen sich Probleme aus derangierten Container entwickeln.","og_url":"https:\/\/www.crerf-mueb.eu\/de\/u\u0308bungsmo\u0308glichkeiten\/ausbildingsbereiche\/instabiler-container\/","og_site_name":"CRERF M\u00dcB","article_modified_time":"2015-06-16T12:59:34+00:00","og_image":[{"url":"https:\/\/www.crerf-mueb.eu\/wp-content\/uploads\/2015\/05\/L10011601-200x150.jpg"}],"twitter_card":"summary_large_image","schema":{"@context":"https:\/\/schema.org","@graph":[{"@type":"WebPage","@id":"https:\/\/www.crerf-mueb.eu\/de\/u%cc%88bungsmo%cc%88glichkeiten\/ausbildingsbereiche\/instabiler-container\/","url":"https:\/\/www.crerf-mueb.eu\/de\/u%cc%88bungsmo%cc%88glichkeiten\/ausbildingsbereiche\/instabiler-container\/","name":"Ausbildungsbereich Instabiler Seecontainer","isPartOf":{"@id":"http:\/\/www.crerf-mueb.eu\/#website"},"datePublished":"2015-05-12T10:10:51+00:00","dateModified":"2015-06-16T12:59:34+00:00","description":"Kommt es im Zuge einer Havarie zu Ladungsverschiebungen, k\u00f6nnen sich Probleme aus derangierten Container entwickeln.","breadcrumb":{"@id":"https:\/\/www.crerf-mueb.eu\/de\/u%cc%88bungsmo%cc%88glichkeiten\/ausbildingsbereiche\/instabiler-container\/#breadcrumb"},"inLanguage":"de","potentialAction":[{"@type":"ReadAction","target":["https:\/\/www.crerf-mueb.eu\/de\/u%cc%88bungsmo%cc%88glichkeiten\/ausbildingsbereiche\/instabiler-container\/"]}]},{"@type":"BreadcrumbList","@id":"https:\/\/www.crerf-mueb.eu\/de\/u%cc%88bungsmo%cc%88glichkeiten\/ausbildingsbereiche\/instabiler-container\/#breadcrumb","itemListElement":[{"@type":"ListItem","position":1,"name":"Accueil","item":"http:\/\/www.crerf-mueb.eu\/de\/"},{"@type":"ListItem","position":2,"name":"\u00dcbungsm\u00f6glichkeiten","item":"http:\/\/www.crerf-mueb.eu\/u%cc%88bungsmo%cc%88glichkeiten\/"},{"@type":"ListItem","position":3,"name":"Ausbildungsbereiche","item":"http:\/\/www.crerf-mueb.eu\/u%cc%88bungsmo%cc%88glichkeiten\/ausbildingsbereiche\/"},{"@type":"ListItem","position":4,"name":"Instabiler Container"}]},{"@type":"WebSite","@id":"http:\/\/www.crerf-mueb.eu\/#website","url":"http:\/\/www.crerf-mueb.eu\/","name":"CRERF M\u00dcB","description":"River Risk Control Training Center","potentialAction":[{"@type":"SearchAction","target":{"@type":"EntryPoint","urlTemplate":"http:\/\/www.crerf-mueb.eu\/?s={search_term_string}"},"query-input":"required name=search_term_string"}],"inLanguage":"de"}]}},"_links":{"self":[{"href":"https:\/\/www.crerf-mueb.eu\/de\/wp-json\/wp\/v2\/pages\/189"}],"collection":[{"href":"https:\/\/www.crerf-mueb.eu\/de\/wp-json\/wp\/v2\/pages"}],"about":[{"href":"https:\/\/www.crerf-mueb.eu\/de\/wp-json\/wp\/v2\/types\/page"}],"author":[{"embeddable":true,"href":"https:\/\/www.crerf-mueb.eu\/de\/wp-json\/wp\/v2\/users\/2"}],"replies":[{"embeddable":true,"href":"https:\/\/www.crerf-mueb.eu\/de\/wp-json\/wp\/v2\/comments?post=189"}],"version-history":[{"count":6,"href":"https:\/\/www.crerf-mueb.eu\/de\/wp-json\/wp\/v2\/pages\/189\/revisions"}],"predecessor-version":[{"id":756,"href":"https:\/\/www.crerf-mueb.eu\/de\/wp-json\/wp\/v2\/pages\/189\/revisions\/756"}],"up":[{"embeddable":true,"href":"https:\/\/www.crerf-mueb.eu\/de\/wp-json\/wp\/v2\/pages\/179"}],"wp:attachment":[{"href":"https:\/\/www.crerf-mueb.eu\/de\/wp-json\/wp\/v2\/media?parent=189"}],"curies":[{"name":"wp","href":"https:\/\/api.w.org\/{rel}","templated":true}]}}

<h2>Ausbildungsbereich instabiler Seecontainer</h2>
<p><strong>Kommt es im Zuge einer Havarie zu Ladungsverschiebungen, können sich Probleme aus derangierten Container entwickeln.</strong></p>
<p>Aus diesem Grund ist der instabile Seecontainer sowohl horizontal um 35° als auch vertikal um 5° beweglich verdrehbar.</p>
<p>Ladungssicherung bzw. Ladungsbergung und Absicherung des instabilen Containers können ebenso geübt werden, wie die Rettung von Menschen von unter Deck eines schräg liegenden Schiffes. Auch ein Wassereinbruch bzw. ein gewisser Wasserstand kann hier eingespielt werden.</p>

		<style type="text/css">
			#gallery-1 {
				margin: auto;
			}
			#gallery-1 .gallery-item {
				float: left;
				margin-top: 10px;
				text-align: center;
				width: 33%;
			}
			#gallery-1 img {
				border: 2px solid #cfcfcf;
			}
			#gallery-1 .gallery-caption {
				margin-left: 0;
			}
			/* see gallery_shortcode() in wp-includes/media.php */
		</style>
		<div id='gallery-1' class='gallery galleryid-189 gallery-columns-3 gallery-size-thumbnail'><dl class='gallery-item'>
			<dt class='gallery-icon landscape'>
				<a href='https://www.crerf-mueb.eu/wp-content/uploads/2015/05/L10011601-e1432731086626.jpg'><img width="200" height="150" src="https://www.crerf-mueb.eu/wp-content/uploads/2015/05/L10011601-200x150.jpg" class="attachment-thumbnail size-thumbnail" alt="" decoding="async" loading="lazy" /></a>
			</dt></dl><dl class='gallery-item'>
			<dt class='gallery-icon landscape'>
				<a href='https://www.crerf-mueb.eu/wp-content/uploads/2015/05/IMG_4741-e1432731590795.jpg'><img width="200" height="150" src="https://www.crerf-mueb.eu/wp-content/uploads/2015/05/IMG_4741-200x150.jpg" class="attachment-thumbnail size-thumbnail" alt="" decoding="async" loading="lazy" /></a>
			</dt></dl><dl class='gallery-item'>
			<dt class='gallery-icon landscape'>
				<a href='https://www.crerf-mueb.eu/wp-content/uploads/2015/05/CB1_8863-e1432731075528.jpg'><img width="200" height="150" src="https://www.crerf-mueb.eu/wp-content/uploads/2015/05/CB1_8863-200x150.jpg" class="attachment-thumbnail size-thumbnail" alt="" decoding="async" loading="lazy" /></a>
			</dt></dl><br style="clear: both" /><dl class='gallery-item'>
			<dt class='gallery-icon portrait'>
				<a href='https://www.crerf-mueb.eu/wp-content/uploads/2015/05/IMG_4844-e1433922768732.jpg'><img width="200" height="150" src="https://www.crerf-mueb.eu/wp-content/uploads/2015/05/IMG_4844-200x150.jpg" class="attachment-thumbnail size-thumbnail" alt="" decoding="async" loading="lazy" /></a>
			</dt></dl><dl class='gallery-item'>
			<dt class='gallery-icon landscape'>
				<a href='https://www.crerf-mueb.eu/wp-content/uploads/2015/05/IMG_4768-e1432730941997.jpg'><img width="200" height="150" src="https://www.crerf-mueb.eu/wp-content/uploads/2015/05/IMG_4768-200x150.jpg" class="attachment-thumbnail size-thumbnail" alt="" decoding="async" loading="lazy" /></a>
			</dt></dl><dl class='gallery-item'>
			<dt class='gallery-icon landscape'>
				<a href='https://www.crerf-mueb.eu/wp-content/uploads/2015/05/IMG_4991-sans-picto-e1432802759747.jpg'><img width="200" height="150" src="https://www.crerf-mueb.eu/wp-content/uploads/2015/05/IMG_4991-sans-picto-200x150.jpg" class="attachment-thumbnail size-thumbnail" alt="" decoding="async" loading="lazy" /></a>
			</dt></dl><br style="clear: both" /><dl class='gallery-item'>
			<dt class='gallery-icon landscape'>
				<a href='https://www.crerf-mueb.eu/wp-content/uploads/2015/05/IMG_4978-ss-picto-e1432802779232.jpg'><img width="200" height="150" src="https://www.crerf-mueb.eu/wp-content/uploads/2015/05/IMG_4978-ss-picto-200x150.jpg" class="attachment-thumbnail size-thumbnail" alt="" decoding="async" loading="lazy" /></a>
			</dt></dl>
			<br style='clear: both' />
		</div>

<p>© Alexandre Schauer</p>

<p>Ausbildungsbereich instabiler Seecontainer Kommt es im Zuge einer Havarie zu Ladungsverschiebungen, können sich Probleme aus derangierten Container entwickeln. Aus diesem Grund ist der instabile Seecontainer sowohl horizontal um 35° als auch vertikal um 5° beweglich verdrehbar. Ladungssicherung bzw. Ladungsbergung und Absicherung des instabilen Containers können ebenso geübt werden, wie die Rettung von Menschen von unter [&hellip;]</p>

<!-- This site is optimized with the Yoast SEO plugin v20.5 - https://yoast.com/wordpress/plugins/seo/ -->
<title>Ausbildungsbereich Instabiler Seecontainer</title>
<meta name="description" content="Kommt es im Zuge einer Havarie zu Ladungsverschiebungen, können sich Probleme aus derangierten Container entwickeln." />
<meta name="robots" content="index, follow, max-snippet:-1, max-image-preview:large, max-video-preview:-1" />
<link rel="canonical" href="https://www.crerf-mueb.eu/de/übungsmöglichkeiten/ausbildingsbereiche/instabiler-container/" />
<meta property="og:locale" content="de_DE" />
<meta property="og:type" content="article" />
<meta property="og:title" content="Ausbildungsbereich Instabiler Seecontainer" />
<meta property="og:description" content="Kommt es im Zuge einer Havarie zu Ladungsverschiebungen, können sich Probleme aus derangierten Container entwickeln." />
<meta property="og:url" content="https://www.crerf-mueb.eu/de/übungsmöglichkeiten/ausbildingsbereiche/instabiler-container/" />
<meta property="og:site_name" content="CRERF MÜB" />
<meta property="article:modified_time" content="2015-06-16T12:59:34+00:00" />
<meta property="og:image" content="https://www.crerf-mueb.eu/wp-content/uploads/2015/05/L10011601-200x150.jpg" />
<meta name="twitter:card" content="summary_large_image" />
<script type="application/ld+json" class="yoast-schema-graph">{"@context":"https://schema.org","@graph":[{"@type":"WebPage","@id":"https://www.crerf-mueb.eu/de/u%cc%88bungsmo%cc%88glichkeiten/ausbildingsbereiche/instabiler-container/","url":"https://www.crerf-mueb.eu/de/u%cc%88bungsmo%cc%88glichkeiten/ausbildingsbereiche/instabiler-container/","name":"Ausbildungsbereich Instabiler Seecontainer","isPartOf":{"@id":"http://www.crerf-mueb.eu/#website"},"datePublished":"2015-05-12T10:10:51+00:00","dateModified":"2015-06-16T12:59:34+00:00","description":"Kommt es im Zuge einer Havarie zu Ladungsverschiebungen, können sich Probleme aus derangierten Container entwickeln.","breadcrumb":{"@id":"https://www.crerf-mueb.eu/de/u%cc%88bungsmo%cc%88glichkeiten/ausbildingsbereiche/instabiler-container/#breadcrumb"},"inLanguage":"de","potentialAction":[{"@type":"ReadAction","target":["https://www.crerf-mueb.eu/de/u%cc%88bungsmo%cc%88glichkeiten/ausbildingsbereiche/instabiler-container/"]}]},{"@type":"BreadcrumbList","@id":"https://www.crerf-mueb.eu/de/u%cc%88bungsmo%cc%88glichkeiten/ausbildingsbereiche/instabiler-container/#breadcrumb","itemListElement":[{"@type":"ListItem","position":1,"name":"Accueil","item":"http://www.crerf-mueb.eu/de/"},{"@type":"ListItem","position":2,"name":"Übungsmöglichkeiten","item":"http://www.crerf-mueb.eu/u%cc%88bungsmo%cc%88glichkeiten/"},{"@type":"ListItem","position":3,"name":"Ausbildungsbereiche","item":"http://www.crerf-mueb.eu/u%cc%88bungsmo%cc%88glichkeiten/ausbildingsbereiche/"},{"@type":"ListItem","position":4,"name":"Instabiler Container"}]},{"@type":"WebSite","@id":"http://www.crerf-mueb.eu/#website","url":"http://www.crerf-mueb.eu/","name":"CRERF MÜB","description":"River Risk Control Training Center","potentialAction":[{"@type":"SearchAction","target":{"@type":"EntryPoint","urlTemplate":"http://www.crerf-mueb.eu/?s={search_term_string}"},"query-input":"required name=search_term_string"}],"inLanguage":"de"}]}</script>
<!-- / Yoast SEO plugin. -->

Kommt es im Zuge einer Havarie zu Ladungsverschiebungen, können sich Probleme aus derangierten Container entwickeln.

CRERF MÜB

Übungsmöglichkeiten
